t of 9674?
4
What is the thousands digit of 1433?
1
What is the units digit of 1507?
7
What is the thousands digit of 1628?
1
What is the thousands digit of 122508?
2
What is the hundreds digit of 13429?
4
What is the thousands digit of 4692?
4
What is the thousands digit of 17948?
7
What is the thousands digit of 8273?
8
What is the units digit of 607?
7
What is the tens digit of 1005?
0
What is the units digit of 20767?
7
What is the tens digit of 2897?
9
What is the tens digit of 949?
4
What is the hundreds digit of 1212?
2
What is the thousands digit of 20453?
0
What is the hundreds digit of 630?
6
What is the thousands digit of 16631?
6
What is the units digit of 48034?
4
What is the thousands digit of 111843?
1
What is the tens digit of 27939?
3
What is the thousands digit of 9117?
9
What is the units digit of 7887?
7
What is the units digit of 127?
7
What is the hundreds digit of 11130?
1
What is the thousands digit of 1182?
1
What is the tens digit of 29449?
4
What is the hundreds digit of 235?
2
What is the ten thousands digit of 46391?
4
What is the thousands digit of 7127?
7
What is the thousands digit of 67715?
7
What is the ten thousands digit of 10782?
1
What is the units digit of 862?
2
What is the hundreds digit of 516?
5
What is the hundreds digit of 18361?
3
What is the thousands digit of 3161?
3
What is the tens digit of 511?
1
What is the thousands digit of 96740?
6
What is the tens digit of 5304?
0
What is the hundreds digit of 10113?
1
What is the thousands digit of 34042?
4
What is the thousands digit of 7767?
7
What is the hundreds digit of 540?
5
What is the units digit of 720?
0
What is the thousands digit of 2823?
2
What is the tens digit of 5043?
4
What is the tens digit of 20152?
5
What is the hundreds digit of 1621?
6
What is the units digit of 44?
4
What is the tens digit of 1085?
8
What is the hundreds digit of 668?
6
What is the tens digit of 1635?
3
What is the units digit of 196?
6
What is the tens digit of 572?
7
What is the units digit of 1325?
5
What is the hundreds digit of 3560?
5
What is the units digit of 43?
3
What is the units digit of 37852?
2
What is the tens digit of 979?
7
What is the units digit of 250?
0
What is the hundreds digit of 126?
1
What is the hundreds digit of 17551?
5
What is the tens digit of 2664?
6
What is the units digit of 16027?
7
What is the tens digit of 4001?
0
What is the hundreds digit of 155840?
8
What is the tens digit of 2075?
7
What is the thousands digit of 31034?
1
What is the hundreds digit of 465?
4
What is the ten thousands digit of 18633?
1
What is the units digit of 8045?
5
What is the tens digit of 20451?
5
What is the tens digit of 20029?
2
What is the tens digit of 588?
8
What is the tens digit of 21830?
3
What is the hundreds digit of 9030?
0
What is the tens digit of 442?
4
What is the hundreds digit of 481?
4
What is the units digit of 652?
2
What is the tens digit of 564?
6
What is the hundreds digit of 1421?
4
What is the tens digit of 6501?
0
What is the units digit of 5334?
4
What is the units digit of 1980?
0
What is the hundreds digit of 7594?
5
What is the units digit of 37126?
6
What is the hundred thousands digit of 152419?
1
What is the thousands digit of 51808?
1
What is the thousands digit of 76667?
6
What is the hundreds digit of 11790?
7
What is the units digit of 6?
6
What is the thousands digit of 8371?
8
What is the hundreds digit of 85229?
2
What is the units digit of 916?
6
What is the hundreds digit of 1757?
7
What is the units digit of 2887?
7
What is the hundreds digit of 508?
5
What is the tens digit of 5029?
2
What is the hundreds digit of 4566?
5
What is the thousands digit of 13706?
3
What is the units digit of 3287?
7
What is the tens digit of 866?
6
What is the tens digit of 563?
6
What is the hundreds digit of 5198?
1
What is the units digit of 42129?
9
What is the units digit of 52476?
6
What is the tens digit of 34?
3
What is the tens digit of 968?
6
What is the units digit of 287?
7
What is the tens digit of 8602?
0
What is the tens digit of 1247?
4
What is the tens digit of 345?
4
What is the thousands digit of 3962?
3
What is the thousands digit of 6535?
6
What is the units digit of 1430?
0
What is the thousands digit of 19334?
9
What is the units digit of 7929?
9
What is the thousands digit of 32620?
2
What is the thousands digit of 57307?
7
What is the units digit of 1494?
4
What is the hundreds digit of 288?
2
What is the units digit of 17353?
3
What is the units digit of 585?
5
What is the thousands digit of 13624?
3
What is the tens digit of 27740?
4
What is the units digit of 2389?
9
What is the hundreds digit of 2216?
2
What is the units digit of 1532?
2
What is the units digit of 14693?
3
What is the units digit of 19203?
3
What is the units digit of 2453?
3
What is the hundreds digit of 797?
7
What is the tens digit of 1025?
2
What is the units digit of 1105?
5
What is the tens digit of 177920?
2
What is the hundreds digit of 18275?
2
What is the thousands digit of 79685?
9
What is the units digit of 14306?
6
What is the hundreds digit of 8409?
4
What is the hundreds digit of 41745?
7
What is the ten thousands digit of 13563?
1
What is the units digit of 44955?
5
What is the hundreds digit of 11185?
1
What is the tens digit of 51807?
0
What is the hundreds digit of 23967?
9
What is the hundred thousands digit of 136816?
1
What is the thousands digit of 4278?
4
What is the tens digit of 656?
5
What is the thousands digit of 3970?
3
What is the thousands digit of 44017?
4
What is the thousands digit of 40261?
0
What is the units digit of 9513?
3
What is the thousands digit of 37239?
7
What is the hundreds digit of 9494?
4
What is the tens digit of 4772?
7
What is the hundreds digit of 1786?
7
What is the units digit of 724?
4
What is the tens digit of 940?
4
What is the thousands digit of 23938?
3
What is the ten thousands digit of 158286?
5
What is the tens digit of 236?
3
What is the hundreds digit of 583?
5
What is the ten thousands digit of 46969?
4
What is the units digit of 713?
3
What is the units digit of 2519?
9
What is the ten thousands digit of 91405?
9
What is the hundreds digit of 144917?
9
What is the hundreds digit of 18617?
6
What is the units digit of 4194?
4
What is the hundreds digit of 50919?
9
What is the hundreds digit of 11955?
9
What is the units digit of 2071?
1
What is the tens digit of 3503?
0
What is the ten thousands digit of 50088?
5
What is the tens digit of 51620?
2
What is the tens digit of 13661?
6
What is the hundreds digit of 3514?
5
What is the ten thousands digit of 14164?
1
What is the tens digit of 1667?
6
What is the tens digit of 7466?
6
What is the hundreds digit of 2892?
8
What is the hundreds digit of 395?
3
What is the hundreds digit of 1748?
7
What is the ten thousands digit of 72999?
7
What is the tens digit of 130?
3
What is the units digit of 11886?
6
What is the ten thousands digit of 61526?
6
What is the ten thousands digit of 29395?
2
What is the thousands digit of 5890?
5
What is the hundreds digit of 1001?
0
What is the hundreds digit of 14967?
9
What is the thousands digit of 2010?
2
What is the thousands digit of 36056?
6
What is the tens digit of 2113?
1
What is the thousands digit of 17342?
7
What is the thousands digit of 6449?
6
What is the ten thousands digit of 19882?
1
What is the units digit of 7318?
8
What is the units digit of 306?
6
What is the thousands digit of 140884?
0
What is the thousands digit of 22280?
2
What is the tens digit of 95502?
0
What is the thousands digit of 19941?
9
What is the hundreds digit of 274?
2
What is the hundreds digit of 800?
8
What is the ten thousands digit of 27639?
2
What is the hundreds digit of 6448?
4
What is the thousands digit of 21045?
1
What is the tens digit of 2874?
7
What is the tens digit of 5017?
1
What is the thousands digit of 29847?
9
What is the units digit of 2936?
6
What is the units digit of 14696?
6
What is the thousands digit of 1653?
1
What is the thousands digit of 3346?
3
What is the tens digit of 165?
6
What is the tens digit of 1382?
8
What is the units digit of 133612?
2
What is the tens digit of 8114?
1
What is the tens digit of 1387?
8
What is the ten thousands digit of 12805?
1
Wh